z(5).
1
Let p(w) = w**2 + 138*w + 1774. Determine p(-13).
149
Let k(t) = -1048375*t - 36693121. Give k(-35).
4
Let y(z) = 25*z**3 - 53*z**2 - 101*z + 208. What is y(2)?
-6
Let b(p) = -p**3 - 29*p**2 + 4*p - 47. Give b(-7).
-1153
Let q(j) = -4*j**2 - 133*j + 6121. What is q(-60)?
-299
Let r(w) = -3*w**2 - 19*w + 5041. Calculate r(44).
-1603
Let t(k) = 250*k**2 + 387*k + 259. What is t(-2)?
485
Let v(l) = 4775*l - 2182172. Calculate v(457).
3
Let h(f) = 462*f - 59602. Calculate h(129).
-4
Let h(a) = -57506*a + 17481802. Calculate h(304).
-22
Let r(p) = p**3 - 4*p**2 - 84*p + 15. Determine r(0).
15
Let h(i) = -i**3 + 5*i**2 + 159*i - 922. Give h(6).
-4
Let r(i) = 29*i**3 + 16*i**2 - 16*i - 62. What is r(3)?
817
Let h(m) = -2694*m - 8100. What is h(-3)?
-18
Let w(i) = -49*i**2 + 1073*i - 4634. What is w(16)?
-10
Let p(y) = 18*y**2 - 1100*y + 5532. Determine p(5).
482
Let b(u) = -10*u**2 + 272*u - 545. Give b(25).
5
Let r(t) = -t**2 - 861*t - 79374. Calculate r(-105).
6
Let w(d) = -d**3 - 40*d**2 - 157*d - 759. Determine w(-37).
943
Let m(h) = -h**3 + 33*h**2 + 263*h + 893. Give m(40).
213
Let p(f) = -20*f**2 + 2191*f - 3403. Calculate p(108).
-55
Let w(j) = 13*j**2 - 16*j + 1. Calculate w(-3).
166
Let u(w) = -828*w - 4956. Give u(-7).
840
Let n(x) = -23726*x + 332166. Determine n(14).
2
Let v(c) = -9*c**3 + 260*c**2 - 227*c + 97. What is v(28)?
13
Let v(d) = d**3 + 3036*d**2 + 24224*d. Calculate v(-8).
0
Let f(z) = -7*z**2 - 143*z + 18717. Give f(-63).
-57
Let p(g) = g**3 + 29*g**2 - 228*g - 864. Give p(-35).
-234
Let l(m) = -13856*m + 3519419. Give l(254).
-5
Let q(z) = 14*z**2 - 761*z - 3051. Determine q(-4).
217
Let c(a) = -20*a**2 + 2919*a + 2759. Determine c(147).
-328
Let j(d) = -17*d**3 + 104*d**2 + 19*d - 61. Calculate j(7).
-663
Let a(w) = -2*w**3 - 220*w**2 - 259*w - 4526. Calculate a(-109).
-57
Let z(o) = -o**3 + 270*o**2 + 1430*o - 240978. What is z(272)?
14
Let a(y) = 2*y**2 + 799*y - 41381. Determine a(-446).
97
Let q(l) = l**3 - 128*l**2 + 1965*l + 654. What is q(110)?
-996
Let b(r) = 8*r**3 + 5*r**2 + 6*r - 12. Calculate b(5).
1143
Let x(o) = o**2 + 1637*o + 266941. Determine x(-185).
-1679
Let i(y) = 541*y**3 + 11359*y**2 - 40*y + 32. What is i(-21)?
-10
Let g(t) = 2*t**2 + 2345*t - 33106. Give g(14).
116
Let z(w) = -160*w**2 + 12920*w + 3240. Determine z(81).
0
Let l(m) = m**3 - 35*m**2 - 172*m - 150. What is l(41)?
2884
Let c(x) = 92*x + 5565. Give c(-65).
-415
Let v(a) = -a**3 + 23*a**2 + 263*a + 895. Determine v(-5).
280
Let x(d) = -2*d**2 + 194*d - 6183. Determine x(30).
-2163
Let f(q) = 2156*q + 260766. Give f(-121).
-110
Let h(u) = -u**3 + 3*u**2 - 277*u + 3156. What is h(12)?
-1464
Let f(z) = 2*z**2 - 460*z - 10023. Give f(-20).
-23
Let p(j) = -264*j - 77371. Give p(-293).
-19
Let z(d) = -6841*d - 526728. Calculate z(-77).
29
Let o(c) = 3696*c + 77694. Determine o(-21).
78
Let x(m) = 628*m - 8106. What is x(13)?
58
Let g(k) = 8*k**3 + 11*k**2 + 38*k - 193. What is g(5)?
1272
Let j(h) = 100*h**2 - 9798*h - 182. What is j(98)?
14
Let i(f) = 2585*f**2 + 152514*f - 52. What is i(-59)?
7
Let i(u) = -2*u**3 + 62*u**2 - 61*u - 75. What is i(30)?
-105
Let d(a) = 301*a - 10202. Calculate d(34).
32
Let o(j) = j**3 - 192*j**2 + 218*j - 5156. Give o(191).
1
Let q(u) = -443*u + 54931. Give q(123).
442
Let b(k) = -60*k**2 - 94*k - 12. What is b(-6)?
-1608
Let q(o) = -13*o**3 - 358*o**2 + 160*o - 26. Determine q(-28).
198
Let d(k) = 12*k**3 + 217*k**2 + 69*k + 936. Give d(-18).
18
Let y(d) = -608*d - 147954. Calculate y(-244).
398
Let k(l) = 3*l**3 - 240*l**2 - 3957*l - 131. Determine k(-14).
-5
Let t(c) = -c**2 - 4657*c - 41831. Determine t(-9).
1
Let l(p) = -4*p**2 - 4103*p - 52625. Calculate l(-13).
38
Let w(q) = 2*q**3 + 34*q**2 + 192*q - 437. Calculate w(-11).
-1097
Let r(g) = -81*g**3 - 2182*g**2 + 174*g + 1008. What is r(-27)?
-45
Let g(l) = 1273*l**3 - 48*l + 49. Calculate g(1).
1274
Let n(u) = 1130*u - 22742. Determine n(20).
-142
Let k(b) = 6166*b - 24657. Calculate k(4).
7
Let r(o) = 8746*o + 3026107. Calculate r(-346).
-9
Let q(c) = -183*c - 9918. Determine q(-39).
-2781
Let h(c) = 2*c**3 + 42*c**2 + 72*c - 72. Determine h(-19).
4
Let t(f) = 5821*f + 1199049. Give t(-206).
-77
Let z(f) = -f**3 - 206*f**2 - 9260*f - 2801. Calculate z(-140).
-1
Let u(t) = -12*t**2 + 249*t + 68. Determine u(9).
1337
Let d(y) = 611*y**2 - 146033*y + 946. Give d(239).
-10
Let t(d) = -4984*d - 7904615. Determine t(-1586).
9
Let c(t) = 910*t - 63297. Calculate c(72).
2223
Let u(a) = 4*a**3 + 474*a**2 - 962*a - 86156. Give u(-119).
0
Let p(n) = -209231*n + 2092284. What is p(10)?
-26
Let o(g) = -24*g - 743. Calculate o(-54).
553
Let w(m) = m**3 - 119*m**2 - 257*m + 2278. What is w(121)?
463
Let k(g) = 3*g**2 - 567*g - 7124. Determine k(200).
-524
Let t(h) = -5*h**2 - 465*h - 6454. Calculate t(-17).
6
Let d(q) = -6648*q + 1223230. Determine d(184).
-2
Let l(p) = 8901*p - 151333. Give l(17).
-16
Let v(d) = -3*d**2 + 462*d - 13414. What is v(119)?
-919
Let u(q) = -q**3 + 20*q**2 - 14*q - 364. Determine u(14).
616
Let t(z) = 198*z + 1439. Give t(-6).
251
Let p(z) = 29*z**2 - 136*z + 445. Give p(5).
490
Let g(i) = -i**2 + 1970*i - 872247. Determine g(672).
9
Let w(m) = m**2 + 6584*m - 948174. What is w(141)?
51
Let x(n) = 12*n**3 + 1978*n**2 - 329*n + 171. Give x(-165).
6
Let g(i) = -i**2 + 36*i + 682. Calculate g(41).
477
Let l(a) = -5*a**3 - 53*a**2 + 10*a - 29. Give l(-9).
-767
Let p(v) = -19*v**2 - 777*v + 3230. Give p(4).
-182
Let m(v) = 7*v**2 + 318*v - 96645. What is m(97)?
64
Let q(c) = 3*c**3 + 36*c**2 + 105*c - 19. Give q(-4).
-55
Let u(g) = -565*g + 244099. Give u(432).
19
Let y(t) = -6*t**2 + 49308*t + 49307. What is y(-1)?
-7
Let d(h) = h**3 + 45*h**2 + 478*h + 837. Give d(-30).
-3
Let c(i) = i**3 + 3*i**2 + 187*i - 2723. What is c(0)?
-2723
Let j(l) = l**2 + 1564*l - 84059. What is j(52)?
-27
Let n(z) = 2*z**3 + 202*z**2 + 3355*z - 52. Calculate n(-21).
53
Let b(a) = -213*a - 100939. Calculate b(-472).
-403
Let t(q) = 1433*q + 274921. Give t(-192).
-215
Let p(u) = -3172*u + 15912. Give p(5).
52
Let h(k) = 32*k**2 + 1547*k + 6117. Give h(-44).
1
Let c(i) = -5*i**3 - 129*i**2 + 346*i + 1078. What is c(-28)?
14
Let d(b) = 11*b**3 - 9*b**2 - 275*b + 283. Determine d(1).
10
Let m(b) = 338*b + 10132. Give m(-30).
-8
Let h(r) = 2*r**3 - 475*r**2 + 2118*r - 4900. Give h(233).
-7
Let y(p) = -p**3 + 76*p**2 - 34*p - 2851. What is y(75)?
224
Let n(d) = 1425*d - 14691. Calculate n(10).
-441
Let n(d) = -857*d + 14798. Determine n(16).
1086
Let c(w) = 23*w**2 - 4799*w - 1641. What is c(209)?
31
Let h(s) = 5*s**3 + 6*s**2 + 12*s + 6. What is h(-3)?
-111
Let q(i) = 2048*i + 8322. Give q(-4).
130
Let c(m) = 5*m**2 - 109595*m + 4266603. Give c(39).
3
Let v(h) = -14*h + 243. Calculate v(-66).
1167
Let n(r) = -1511*r + 257. What is n(2)?
-2765
Let s(i) = 13*i**2 - 446*i - 2211. Give s(-6).
933
Let x(c) = -525*c + 47774. Give x(91).
-1
Let d(q) = -4*q**2 - 18424*q + 110694. What is d(6)?
6
Let i(b) = -9*b**2 - 6426*b + 44969. Calculate i(7).
-454
Let n(w) = -w**2 + 510*w + 7636. What is n(-15)?
-239
Let u(k) = 363*k + 17329. Determine u(-47).
268
Let u(d) = 5*d**2 - 55*d - 23. Give u(17).
487
Let z(i) = 6*i**3 - 41*i**2 + 120*i - 582. What is z(6)?
-42
Let g(t) = -2*t**3 - 679*t**2 + 1022*t + 158. What is g(-341)?
499
Let b(m) = 143288*m - 2722477. Determine b(19).
-5
Let g(s) = -s**3 + 647*s**2 - 991*s - 605994. What is g(644)?
10
Let s(z) = -9*z**2 + 1215*z + 3682. What is s(-3)?
-44
Let j(i) = 36247*i - 217489. What is j(6)?
-7
Let i(g) = 335*g - 19124. Give i(57).
-29
Let n(s) = 13558*s + 27061. What is n(-2)?
-55
Let d(h) = -h**3 + 45*h**2 + 3*h + 98. Give d(45).
233
Let t(b) = b**3 + 157*b**2 - 151*b + 987. Calculate t(-158).
-119
Let t(y) = -8*y**2 - 267*y + 2654. Determine t(8).
6
Let m(g) = 945962*g - 1891925. Give m(2).
-1
Let b(t) = 1230120*t + 3690355. What is b(-3)?
-5
Let s(f) = 35029*f + 350281. Determine s(-10).
-9
Let y(d) = 3*d**3 + 426*d**2 - 2*d - 1815. Calculate y(-142).
-1531
Let i(j) = 29276*j - 995375. Calculate i(34).
9
Let p(v) = 9*v**2 + 178*v - 10828. Determine p(-46).
28
Let j(m) = -1018*m - 6298. Determine j(-6).
-190
Let n(x) = -2*x**3 - 288*x**2 + 5002*x + 565064. What is n(-148)?
0
Let j(p) = 727777*p - 3638838. Determine j(